{"id":91,"date":"2024-01-17T14:29:20","date_gmt":"2024-01-17T13:29:20","guid":{"rendered":"https:\/\/naturophelie.be\/?page_id=91"},"modified":"2025-08-05T21:25:31","modified_gmt":"2025-08-05T19:25:31","slug":"reflexologie-plantaire","status":"publish","type":"page","link":"https:\/\/naturophelie.be\/?page_id=91","title":{"rendered":"R\u00e9flexOlogie plantaire"},"content":{"rendered":"<div class=\"wp-block-image\">\n<figure class=\"alignright size-large is-resized\"><img loading=\"lazy\" decoding=\"async\" width=\"800\" height=\"1200\" src=\"https:\/\/naturophelie.be\/wp-content\/uploads\/2025\/08\/Copie-de-Photo-de-Ophelie-Ladriere-2-edited-2.jpg\" alt=\"\" class=\"wp-image-529\" style=\"width:313px;height:auto\" srcset=\"https:\/\/naturophelie.be\/wp-content\/uploads\/2025\/08\/Copie-de-Photo-de-Ophelie-Ladriere-2-edited-2.jpg 800w, https:\/\/naturophelie.be\/wp-content\/uploads\/2025\/08\/Copie-de-Photo-de-Ophelie-Ladriere-2-edited-2-200x300.jpg 200w, https:\/\/naturophelie.be\/wp-content\/uploads\/2025\/08\/Copie-de-Photo-de-Ophelie-Ladriere-2-edited-2-683x1024.jpg 683w, https:\/\/naturophelie.be\/wp-content\/uploads\/2025\/08\/Copie-de-Photo-de-Ophelie-Ladriere-2-edited-2-768x1152.jpg 768w\" sizes=\"auto, (max-width: 800px) 100vw, 800px\" \/><\/figure>\n<\/div>\n\n\n<p>La r\u00e9flexologie plantaire est une pratique de&nbsp;<strong>th\u00e9rapie manuelle douce&nbsp;<\/strong>qui repose &nbsp;sur le principe selon lequel chaque zone des pieds correspond \u00e0 un organe ou une partie sp\u00e9cifique du corps. En stimulant ces zones \u00e0 travers des massages et des&nbsp;pressions sp\u00e9cifiques, la r\u00e9flexologie plantaire vise \u00e0&nbsp;<strong>favoriser l\u2019\u00e9quilibre&nbsp;\u00e9nerg\u00e9tique et le bien-\u00eatre global<\/strong>.<\/p>\n\n\n\n<p><strong>La r\u00e9flexologie plantaire est faite pour vous si :&nbsp;<\/strong><\/p>\n\n\n\n<ul class=\"wp-block-list\">\n<li>Vous souhaitez prendre un moment pour vous, un moment de&nbsp;<strong>d\u00e9tente&nbsp;<\/strong>et de profond&nbsp;<strong>bien-\u00eatre&nbsp;<\/strong>par le toucher.&nbsp;<\/li>\n\n\n\n<li>Vous souhaitez diminuer votre stress, soulager vos jambes lourdes, \u2026 <\/li>\n\n\n\n<li>Vous voulez permettre \u00e0 votre corps de&nbsp;<strong>se r\u00e9\u00e9quilibrer et se d\u00e9toxifier&nbsp;<\/strong>en douceur.&nbsp;<\/li>\n<\/ul>\n\n\n\n<p><strong>A quoi vous attendre ? D\u00e9roul\u00e9 d\u2019une s\u00e9ance&nbsp;<\/strong><\/p>\n\n\n\n<p>Dans une ambiance chaleureuse et propice \u00e0 la d\u00e9tente :&nbsp;&nbsp;<\/p>\n\n\n\n<ol class=\"wp-block-list\">\n<li>Prise de&nbsp;<strong>contact&nbsp;<\/strong>et petite&nbsp;<strong>anamn\u00e8se&nbsp;<\/strong>pour cerner vos besoins et les contre-indications \u00e9ventuelles 5\u2019 (bain de pied en parall\u00e8le, si souhait\u00e9)&nbsp;<\/li>\n\n\n\n<li><strong>Massage relaxant&nbsp;<\/strong>avec mouvements d\u2019effleurements, de lissage et&nbsp;d\u2019ouverture, vous permettant de vous d\u00e9tendre, d\u2019avoir un premier contact&nbsp; avec les mains du th\u00e9rapeute, d\u2019identifier vos premiers ressentis 10\u2019&nbsp;<\/li>\n\n\n\n<li><strong>R\u00e9flexologie&nbsp;<\/strong>plantaire globale avec le toucher plus technique \u2013 45\u2019<\/li>\n\n\n\n<li>En option :&nbsp;<strong>traitement des zones r\u00e9flexes&nbsp;<\/strong>bloqu\u00e9es (int\u00e9gr\u00e9 \u00e0 la&nbsp;r\u00e9flexologie globale) \u2013 30\u2019&nbsp;<\/li>\n<\/ol>\n\n\n\n<p><em>S\u00e9ance de r\u00e9flexologie plantaire 1h (<strong>70 EUR<\/strong>) \u2013 avec traitement des points r\u00e9flexes&nbsp;1h30 (<strong>90 EUR<\/strong>), chez moi (cabinet ou jardin), en cabinet externe (<em>La Source Naturopathie \u00e0 Cointe, le mercredi soir<\/em><\/em>) <em>ou \u00e0 domicile<\/em> (application de frais de d\u00e9placement).<\/p>\n\n\n\n<h2 class=\"wp-block-heading\"><em>Formules d&rsquo;abonnements: <\/em><\/h2>\n\n\n\n<h5 class=\"wp-block-heading\"><strong>\ud83d\udd39 Formule \u201c\u00c9veil\u201d \u2013 5 s\u00e9ances d\u20191h &#8211; 320 \u20ac <em>(au lieu de 350 \u20ac \u2013 \u00e9conomie de 30 \u20ac)<\/em><\/strong><\/h5>\n\n\n\n<p>Un accompagnement pour d\u00e9couvrir, entretenir ou soutenir ton \u00e9quilibre global, avec douceur et r\u00e9gularit\u00e9.<\/p>\n\n\n\n<h5 class=\"wp-block-heading\"><strong>\ud83d\udd38 Formule \u201cAlignement\u201d \u2013 5 s\u00e9ances d\u20191h30 &#8211; 400 \u20ac <em>(au lieu de 450 \u20ac \u2013 \u00e9conomie de 50 \u20ac)<\/em><\/strong><\/h5>\n\n\n\n<p>Un parcours plus approfondi et personnalis\u00e9, pour aller travailler les blocages, explorer en conscience les zones r\u00e9flexes et accompagner ton processus de transformation int\u00e9rieure.<\/p>\n\n\n\n<p>Prendre&nbsp;<a href=\"https:\/\/naturophelie.be\/?page_id=65\">RDV<\/a><br><br><\/p>\n","protected":false},"excerpt":{"rendered":"<p>La r\u00e9flexologie plantaire est une pratique de&nbsp;th\u00e9rapie manuelle douce&nbsp;qui repose &nbsp;sur le principe selon lequel chaque zone des pieds correspond \u00e0 un organe ou une partie sp\u00e9cifique du corps. En stimulant ces zones \u00e0 travers des massages et des&nbsp;pressions sp\u00e9cifiques, la r\u00e9flexologie plantaire vise \u00e0&nbsp;favoriser l\u2019\u00e9quilibre&nbsp;\u00e9nerg\u00e9tique et le bien-\u00eatre global. La r\u00e9flexologie plantaire est faite <a class=\"read-more\" href=\"https:\/\/naturophelie.be\/?page_id=91\">READ MORE<\/a><\/p>\n","protected":false},"author":1,"featured_media":0,"parent":0,"menu_order":0,"comment_status":"closed","ping_status":"closed","template":"","meta":{"footnotes":""},"class_list":["post-91","page","type-page","status-publish","hentry"],"_links":{"self":[{"href":"https:\/\/naturophelie.be\/index.php?rest_route=\/wp\/v2\/pages\/91","targetHints":{"allow":["GET"]}}],"collection":[{"href":"https:\/\/naturophelie.be\/index.php?rest_route=\/wp\/v2\/pages"}],"about":[{"href":"https:\/\/naturophelie.be\/index.php?rest_route=\/wp\/v2\/types\/page"}],"author":[{"embeddable":true,"href":"https:\/\/naturophelie.be\/index.php?rest_route=\/wp\/v2\/users\/1"}],"replies":[{"embeddable":true,"href":"https:\/\/naturophelie.be\/index.php?rest_route=%2Fwp%2Fv2%2Fcomments&post=91"}],"version-history":[{"count":29,"href":"https:\/\/naturophelie.be\/index.php?rest_route=\/wp\/v2\/pages\/91\/revisions"}],"predecessor-version":[{"id":535,"href":"https:\/\/naturophelie.be\/index.php?rest_route=\/wp\/v2\/pages\/91\/revisions\/535"}],"wp:attachment":[{"href":"https:\/\/naturophelie.be\/index.php?rest_route=%2Fwp%2Fv2%2Fmedia&parent=91"}],"curies":[{"name":"wp","href":"https:\/\/api.w.org\/{rel}","templated":true}]}}